ate the greatest common divisor of 558 and 51327.
9
Calculate the greatest common factor of 552363 and 2233.
203
Calculate the greatest common divisor of 975 and 1025.
25
What is the highest common factor of 4044 and 228?
12
Calculate the greatest common factor of 19679 and 10219.
11
What is the highest common divisor of 24087 and 61845?
651
Calculate the highest common divisor of 1 and 391558.
1
Calculate the greatest common divisor of 23744 and 3136.
448
What is the highest common factor of 88491 and 156?
39
What is the greatest common divisor of 3431490 and 642?
642
What is the highest common divisor of 7761 and 832?
13
What is the highest common factor of 2958 and 43674?
174
Calculate the greatest common factor of 792 and 1944.
72
Calculate the highest common divisor of 74 and 121397.
37
Calculate the greatest common factor of 352 and 75064.
88
Calculate the greatest common factor of 12399 and 270.
3
Calculate the highest common divisor of 257246 and 968.
242
What is the highest common divisor of 13144 and 5828?
124
Calculate the highest common divisor of 182 and 1534.
26
What is the highest common factor of 39417 and 21?
21
What is the highest common factor of 36 and 781146?
18
What is the greatest common factor of 63 and 231129?
9
What is the greatest common factor of 70 and 12770?
10
What is the greatest common divisor of 1650 and 179475?
75
Calculate the greatest common divisor of 940 and 117735.
235
Calculate the highest common factor of 267 and 317.
1
Calculate the greatest common factor of 143 and 10318.
11
Calculate the highest common factor of 1687 and 2476034.
241
Calculate the highest common factor of 17618 and 184.
46
Calculate the highest common divisor of 35 and 147595.
35
What is the greatest common divisor of 3 and 89329?
1
What is the highest common divisor of 3744 and 176?
16
What is the highest common factor of 1904 and 312018?
238
What is the highest common divisor of 177 and 343793?
59
What is the greatest common factor of 71722 and 1120?
14
Calculate the highest common factor of 13615 and 63315.
35
Calculate the greatest common divisor of 255 and 25891.
17
Calculate the highest common divisor of 27263 and 274.
137
What is the greatest common factor of 616 and 88?
88
What is the greatest common divisor of 1682 and 7366?
58
What is the highest common divisor of 20059 and 39?
13
What is the greatest common factor of 229401 and 20448?
639
What is the greatest common factor of 45419 and 616?
11
Calculate the greatest common factor of 1127 and 31507.
49
What is the highest common factor of 61115 and 340?
85
What is the greatest common factor of 44 and 973775?
11
What is the greatest common factor of 45370 and 780?
130
What is the greatest common divisor of 25448 and 8?
8
Calculate the highest common factor of 130 and 1297990.
10
What is the highest common factor of 384 and 14208?
384
Calculate the greatest common divisor of 14886 and 1470.
6
What is the greatest common divisor of 4598 and 36773?
11
What is the greatest common divisor of 3752 and 5656?
56
Calculate the greatest common factor of 2570 and 30.
10
What is the greatest common factor of 17252 and 874?
38
What is the greatest common factor of 29 and 209351?
29
Calculate the greatest common divisor of 658 and 21526.
94
Calculate the highest common divisor of 1054 and 1003.
17
What is the greatest common divisor of 212 and 141156?
4
What is the highest common factor of 135 and 639?
9
What is the greatest common factor of 250653 and 39?
39
Calculate the greatest common factor of 11397 and 52662.
393
What is the highest common divisor of 5385047 and 1172?
293
What is the highest common divisor of 154 and 202114?
22
Calculate the highest common divisor of 990 and 41998.
22
What is the highest common divisor of 6 and 84849?
3
What is the highest common factor of 275 and 57695?
55
Calculate the highest common factor of 34 and 2749206.
34
What is the highest common divisor of 19039 and 38319?
241
Calculate the greatest common factor of 236878 and 340.
34
Calculate the highest common factor of 66999 and 138.
69
Calculate the greatest common factor of 2 and 35998.
2
What is the greatest common factor of 140 and 1936?
4
What is the greatest common divisor of 1003 and 3776?
59
What is the greatest common divisor of 312 and 186056?
104
What is the greatest common divisor of 41 and 90077?
41
What is the greatest common divisor of 611 and 6942?
13
Calculate the highest common factor of 51194 and 3718.
286
Calculate the highest common divisor of 57414 and 8.
2
Calculate the highest common factor of 40 and 608960.
40
What is the greatest common divisor of 4968 and 19224?
216
What is the highest common divisor of 411495 and 63?
21
Calculate the highest common factor of 14750 and 283500.
250
Calculate the highest common factor of 129 and 315663.
129
Calculate the greatest common factor of 4316 and 132800.
332
Calculate the highest common factor of 1341 and 59153.
149
Calculate the greatest common factor of 351813 and 189.
21
Calculate the highest common divisor of 132 and 342177.
33
What is the greatest common factor of 3394151 and 109?
109
What is the highest common factor of 73942 and 22?
22
What is the highest common factor of 761380 and 20?
20
Calculate the greatest common factor of 355340 and 320.
20
Calculate the greatest common factor of 742 and 388172.
106
What is the highest common factor of 46545 and 957?
87
What is the greatest common divisor of 2256 and 5796?
12
Calculate the highest common factor of 966 and 63273.
483
What is the highest common divisor of 14 and 154070?
14
What is the highest common divisor of 60 and 25260?
60
What is the greatest common divisor of 370 and 5061230?
370
What is the highest common divisor of 1551 and 8572377?
1551
What is the greatest common divisor of 650 and 14330?
10
Calculate the highest common divisor of 1099 and 591733.
157
Calculate the highest common divisor of 126 and 119430.
18
Calculate the highest common factor of 451 and 59774.
11
Calculate the greatest common divisor of 60 and 375504.
12
What is the greatest common divisor of 553055 and 530?
265
Calculate the greatest common divisor of 19 and 475437.
19
What is the greatest common factor of 420876 and 8?
4
Calculate the greatest common divisor of 365999 and 23.
23
What is the greatest common factor of 1643 and 69589?
53
What is the highest common factor of 18620 and 2000?
20
Calculate the highest common factor of 56952 and 336.
168
Calculate the highest common factor of 702 and 7749.
27
Calculate the highest common divisor of 109 and 2457514.
109
Calculate the highest common divisor of 5310 and 290.
10
Calculate the greatest common factor of 2587383 and 34.
17
What is the highest common divisor of 64 and 15632?
16
What is the greatest common factor of 591 and 1107?
3
Calculate the highest common divisor of 1900 and 21508.
76
What is the greatest common divisor of 19736369 and 23?
23
What is the greatest common divisor of 2003508 and 324?
108
Calculate the greatest common divisor of 18860 and 11500.
460
What is the highest common factor of 865 and 8255560?
865
Calculate the highest common divisor of 4464 and 165726.
558
Calculate the highest common divisor of 10 and 38260.
10
Calculate the greatest common factor of 17771 and 288437.
1367
What is the highest common factor of 471612 and 24?
12
Calculate the greatest common factor of 55 and 98153.
11
What is the highest common divisor of 7 and 75677?
7
Calculate the highest common divisor of 94369 and 9325.
373
Calculate the greatest common divisor of 57 and 367517.
19
What is the highest common divisor of 184 and 838925?
23
What is the highest common factor of 8 and 63852?
4
What is the highest common factor of 48 and 32082?
6
What is the greatest common divisor of 51161 and 495?
11
Calculate the highest common divisor of 74515 and 140.
35
What is the greatest common divisor of 168 and 2624?
8
What is the highest common factor of 166548 and 384?
12
Calculate the highest common factor of 230104 and 3080.
56
Calculate the highest common factor of 351 and 50739.
39
Calculate the highest common factor of 39900 and 540645.
1995
What is the greatest common factor of 2629 and 275?
11
What is the highest common factor of 952 and 92